lculate the remainder when 64 is divided by 1 - d - (-17 + -4).
20
Let w = 68 - 32. Let p = -18 + w. Let y = -8 + 18. What is the remainder when p is divided by y?
8
Let b = 510 - 314. What is the remainder when b is divided by 18?
16
Calculate the remainder when (0 - (-2)/3)/(2/423) is divided by 16.
13
Let y(x) = 2*x - 7. Let h be y(4). Let m be h/(1 - 4/6). Suppose 0 = -4*a + m*s + 101, -2*a + 4*a - 49 = s. What is the remainder when a is divided by 12?
11
Suppose a = -a + 486. Suppose h + u = -2*u + 85, 3*h - 3*u - a = 0. Calculate the remainder when h is divided by (-1 + -20)/(75/(-100)).
26
What is the remainder when (-740)/(-2 + -3)*6/12 is divided by 31?
12
Let m = -28 + 40. Let a = m + 116. Calculate the remainder when a is divided by 26.
24
Let j = -1176 + 1423. Calculate the remainder when j is divided by 15.
7
Suppose -5*b = -b + 4. Let d be 2/((b/9)/(-1)). Suppose -18 - d = -3*r. What is the remainder when 22 is divided by r?
10
Suppose 0 = -2*t + 4*i - 18, 0 = -t + 5*t - 2*i + 18. Let s(o) = -o**3 - 2*o**2 - 4*o. What is the remainder when (-123)/(-4)*56/21 is divided by s(t)?
19
Let m(z) = z**3 + 7*z**2 + 13*z + 13. Calculate the remainder when 13 is divided by m(-4).
4
Let o(i) = i**3 - 4*i**2 - 13*i + 4. Let s be o(7). Suppose -10*l + 0*l + s = 0. What is the remainder when 16 is divided by l?
4
Suppose -5*g = 1 - 6. Suppose -g + 5 = s. Suppose b - 54 = -s. What is the remainder when b is divided by 13?
11
Let v(j) = -10*j - 76. Let b = 32 + -10. Suppose 3*l - 2*l - 72 = -4*g, 2*g - b = -4*l. What is the remainder when v(-15) is divided by g?
17
Let x(p) = 3*p - 58. Calculate the remainder when 96 is divided by x(24).
12
Let s = 34 - -63. Suppose 5*w = -32 + s. What is the remainder when 50 is divided by w?
11
Let u(r) = -2*r**3 + 18*r**2 - 34*r - 4. Let c(x) = 70*x**2 + x. Calculate the remainder when c(1) is divided by u(6).
7
Suppose -4*k - 94 = -8*k - 3*b, -5*b = k - 15. What is the remainder when 199 is divided by k?
24
Let h(r) = -r**2 - 9*r - 3. Let a be h(-8). Let z be (-390)/(-50) + (-4)/a. Let m = -4 + z. Calculate the remainder when 7 is divided by m.
1
Let b(k) = 4*k - 10. Let i be b(-11). Let r = -10 - i. What is the remainder when r is divided by 15?
14
Suppose 0 = -4*d + 22 + 10. Let c be ((-4)/(-8))/((-2)/(-12)). Suppose o + 62 + 30 = c*f, 0 = -4*o - 20. What is the remainder when f is divided by d?
5
Let j = 0 - -2. Let z = -137 - -142. Suppose q - 12 = -j*q, -z*q + 65 = 5*k. What is the remainder when k is divided by 2?
1
Let y be 2*(2 - 310/(-4)). Suppose -6*p + y = -3*p. Calculate the remainder when p is divided by 27.
26
Let q be (25/20)/(1/(-28)). Let u = q + 20. Let i = 18 + u. Calculate the remainder when i is divided by 1.
0
Suppose -75 + 0 = -5*m. Let x(a) = -a**3 + 7*a**2 + 5*a + 9. Calculate the remainder when x(7) is divided by m.
14
Suppose 0 = -5*d + 47 + 113. Calculate the remainder when d is divided by 7.
4
Let n = 652 + -544. Calculate the remainder when 1295 is divided by n.
107
Suppose 22*u - 42*u = -2980. What is the remainder when u is divided by 17?
13
Let j(h) = h**3 - 5*h**2 + 2*h - 12. Let o be j(5). Let f = 13 - o. What is the remainder when f is divided by 4?
3
Let k(i) = -16*i - 8 - i**2 + 7*i - 6*i. Let b be 12*2*(-1)/4. Calculate the remainder when k(b) is divided by 12.
10
What is the remainder when 59 is divided by 21/(-2)*54/(-63)?
5
Let f(m) = -165*m + 3. Let x = 46 + -47. What is the remainder when f(x) is divided by 19?
16
Suppose 0 = 4*w - c - 22 - 10, -w + 3*c = 3. Suppose 5*n + 5*b + w = -1, -2*n + 4*b + 20 = 0. What is the remainder when 83 is divided by 5 - 8 - (-62)/n?
27
Let x(j) = j**2 - 2*j. Let d(h) = -3*h**2 + 6*h - 1. Let l(o) = -3*d(o) - 8*x(o). Calculate the remainder when l(-3) is divided by 2/4*(5 + 5).
3
Let u(g) = g**2 - 3*g + 1. Let b be u(4). Suppose x - 25 = 4*n - b*n, 2*n = -3*x + 45. What is the remainder when n is divided by 3*33/9 + 0?
8
Suppose p = 4*g + 7 + 9, -2*p + 2*g + 32 = 0. Suppose 19*a - 17*a = 18. Calculate the remainder when p is divided by a.
7
Let s = -1049 - -1431. What is the remainder when s is divided by 32?
30
Suppose -d - 3*s = -2217, -5*d + 7*d - 3*s = 4407. Calculate the remainder when d is divided by 17.
15
Suppose 162*o - 166*o = -1528. Calculate the remainder when o is divided by 32.
30
Suppose 3*h = 5*u + 64, 3*h + 0*u + 4*u = 73. Let j(m) = -2*m**2 + 12. Let i be j(0). Let f = h - i. What is the remainder when 40 is divided by f?
7
Suppose 0 = -18*y + 32*y - 1162. What is the remainder when y is divided by 12?
11
Let y = -2 - -22. Calculate the remainder when (-41)/82 + 113/2 is divided by y.
16
Let j = 96 - 73. Suppose -5*u - q + 1785 = -6*q, 0 = 3*q + 3. Suppose 3*a = -a + u. Calculate the remainder when a is divided by j.
20
Let z = 11 + -5. Suppose 2*g + 298 = -3*m, -z*m - 163 = g - m. Let q = -76 - g. What is the remainder when q is divided by 23?
21
Let v(i) = 2*i - 3. Suppose -10 = -3*b - 4. Suppose 0 = 3*o - 4 - b. Calculate the remainder when v(3) is divided by o.
1
Let b = -136 - -150. Calculate the remainder when 111 is divided by b.
13
Calculate the remainder when ((-354)/(-4))/(285/(-50) - -6) is divided by 75.
70
Suppose 2*p + 2*s - 4 = 0, 16 + 39 = 5*p - 4*s. What is the remainder when ((-144)/(-20))/(6/20) is divided by p?
3
Let i be (-25)/30*(-3)/5*8. Suppose -4*v - 40 = -2*h, i*v - v - 165 = -5*h. Calculate the remainder when h is divided by 18.
12
Let y(v) = -v**3 + 9*v**2 + 10*v + 23. Let g(a) = -a**3 + 6*a**2 + 7*a + 10. Let k be g(7). What is the remainder when y(k) is divided by 7?
2
Suppose -125*o + 169*o - 5456 = 0. What is the remainder when o is divided by 84?
40
Suppose 2*g + 96 = 2*w, 0*g - 2*g - 46 = -w. Let u be 2*(0 - 2)/1. What is the remainder when w is divided by u/18 - (-714)/54?
11
Let l = -14 - -20. Let x = -13 + 22. Let d = x + 7. Calculate the remainder when d is divided by l.
4
Let r(w) = 2*w**2 - 48*w + 21. What is the remainder when 146 is divided by r(24)?
20
Suppose -35 = -4*q + 25. What is the remainder when ((-20)/40)/(9/(-468)) is divided by q?
11
Suppose -z + 2*q = q - 47, 0 = 4*z - 2*q - 188. What is the remainder when 373 is divided by z?
44
Let f(x) = -2*x**3 - 65*x**2 + 30*x - 60. Calculate the remainder when 76 is divided by f(-33).
37
Let z(v) be the first derivative of -v**3/3 + 6*v**2 + 6*v + 3. Let w be z(12). Calculate the remainder when 8 is divided by (-4)/(-6)*27/w.
2
Let l be -12*2*7/(-6). Let o = l + -20. Suppose g + n - 14 = -2*n, -3*g + 3*n + 102 = 0. What is the remainder when g is divided by o?
5
Let m = 31 - 36. Let s = 19 + m. Calculate the remainder when 40 is divided by s.
12
Suppose -58 + 418 = 5*a. Let q = a - 19. Let l(p) = -p**3 + 9*p**2 - 4*p - 18. What is the remainder when q is divided by l(8)?
11
Let o = 306 + -181. What is the remainder when o is divided by 16?
13
Let t = -322 - -330. What is the remainder when 16 is divided by t?
0
Suppose -11 - 121 = -12*g. Calculate the remainder when 140 is divided by g.
8
Let f = 73 - 28. Suppose 6*x - 15 = f. Calculate the remainder when 69 is divided by x.
9
Suppose -w + 4*c + 20 = 0, -2*w + 4*w - 3*c = 45. What is the remainder when w is divided by 13?
11
Let j = 187 - 167. What is the remainder when 79 is divided by j?
19
Suppose -3*f + 6 = -6. Let v(q) = -11*q + 20. Let x be v(-8). Let y = -93 + x. What is the remainder when y is divided by f?
3
Suppose -3*j - j = 0. Suppose j*w = w - 4. Calculate the remainder when 32 is divided by ((-2)/w)/((-13)/442).
15
Let z = 809 + -754. Calculate the remainder when 93 is divided by z.
38
Suppose -2*g + 2*f + 90 = 0, -10 = -g + 2*f + 32. Let y = g + -40. Let q = 21 + 1. What is the remainder when q is divided by y?
6
Let t(b) = 2*b**2 + 10*b + 2. Let h be t(-7). Suppose 2*j + 10 - h = 0. Let y(a) = -a**3 + 6*a**2 - 6. Calculate the remainder when y(5) is divided by j.
9
Suppose p + 2*w = -0 + 5, 2*p - 4*w = 34. Suppose 4 = -x + 11. What is the remainder when x is divided by (-2)/11 + 46/p?
3
Let f be 3/2 - 28/8. Let o be -4 + 1 - -9 - f. Suppose -10*i + o*i = -42. Calculate the remainder when 83 is divided by i.
20
Let n(l) = -l**2 + 23*l - 12. What is the remainder when 209 is divided by n(22)?
9
Suppose 7*i = 10*i - p - 322, 0 = 2*i - 4*p - 228. What is t